+ 6)/(1 + 0). Let j = b + 9. Does 2 divide j?
True
Suppose m + 4*m = -4*q + 23, 5*m - 9 = 3*q. Suppose 0 = -5*n + q*n + 24. Does 8 divide n?
True
Let j = -12 - -23. Let z = -18 - -12. Let d = z + j. Is 2 a factor of d?
False
Let l(o) = 7 - o + 6*o**2 + o**3 + 4*o + o**2. Let i be l(-5). Let g = i + -30. Is g a multiple of 12?
True
Let w be (-6)/15 - (-114)/10. Let d = 7 - w. Let r = 16 + d. Is r a multiple of 12?
True
Let l(t) = 2*t - 15. Let x be l(10). Suppose -4*p + 360 = -4*b, -4*p - x*b + 81 = -234. Let m = p + -45. Is m a multiple of 20?
True
Suppose -3*p - 4*u = -3*u + 94, 2*u = 3*p + 82. Let r = -24 - p. Is 6 a factor of r?
True
Let l(s) = 2*s - 2. Let a be l(4). Suppose -5*k + 8 = 4*z, -5*k + 2*k - a = -3*z. Is z a multiple of 2?
True
Let f = 126 - 60. Does 6 divide f?
True
Let b = -46 + 86. Let h = 2 - 2. Suppose 2*i - b = -h*i. Is 10 a factor of i?
True
Suppose -4*g + 4*w + 16 = 0, 0 = -3*g + 2*w + 3*w + 6. Suppose 3*k + 5*u - 12 = 0, 5 = 3*k + 4*u - g. Suppose 3*x + 12 = k*x. Does 6 divide x?
True
Suppose -2*m = -3*m. Let f be m/(6/(-2)) - -4. Suppose 0*l + 32 = f*l. Is 5 a factor of l?
False
Let o be (2/5)/(4/40). Let v = 33 + -2. Suppose -v = -o*h + 1. Is h a multiple of 5?
False
Let b be 4/10 - 1156/(-10). Suppose -1 - b = -3*s. Suppose -4*i + s = -i. Does 13 divide i?
True
Let z = 45 + 39. Does 12 divide z?
True
Suppose -177 - 55 = -b - d, -236 = -b - 2*d. Suppose -5*c + b = -2*c. Is 32 a factor of c?
False
Let j = 6 - 6. Suppose -f + 16 + 16 = j. Does 16 divide f?
True
Let u(w) = 25*w**3 - w**2 - w + 1. Suppose 5*c + 20 = -5*t, -c - 9 = 3*t - t. Is u(c) a multiple of 10?
False
Does 15 divide (13/39)/((-2)/(-450))?
True
Let k = 54 - 25. Let b(p) = -3*p**3 + 2*p**2 - 2. Let y be b(2). Let i = y + k. Is i a multiple of 4?
False
Let r be ((-8)/10)/(2/15). Is (r/7)/((-6)/126) a multiple of 5?
False
Let f(n) = 4*n - 1. Let u be f(1). Suppose -r = -u*r + 20. Does 16 divide (-6)/8*(r + -74)?
True
Let u(w) = w**3 + 8*w**2 + 3*w + 8. Let x be u(-7). Is 11 a factor of 1/(-4) + 801/x?
True
Suppose -5*t + 3*x + 580 = 0, 0 = 6*x - x - 25. Does 51 divide t?
False
Suppose 8*g = 17*g - 378. Does 14 divide g?
True
Let o be 20/8*(-4)/(-10). Let p = -1 + o. Suppose 3*x + 68 = 4*g + 1, -3*g - 4*x + 19 = p. Is 13 a factor of g?
True
Let w be (26/(-4) - -2)*2. Let r = -6 - w. Is 10 a factor of (-2)/r - 32/(-3)?
True
Let p(t) = -2*t + 20. Is p(-8) a multiple of 18?
True
Suppose -v - 112 = -2*z - 32, 5*z = -5*v + 200. Does 29 divide z?
False
Suppose 3*z = 6*z - 42. Let c = z - -25. Is 12 a factor of c?
False
Suppose -4*u - 5*n = -0*n - 57, -2*n - 6 = -2*u. Suppose -2 = -2*s, u*s - 2 = r + 3*s. Suppose -m = -r - 4. Does 3 divide m?
False
Suppose -80*v = -76*v - 468. Does 13 divide v?
True
Let n be 1*(-2 - -19 - 1). Let x(c) = c**2 - 6*c - 5. Let d be x(7). Let y = n + d. Does 9 divide y?
True
Let u(y) = -y**3 + 7*y**2 - 6*y - 7. Let o be u(6). Let s = -5 - o. Suppose 4*c = s*c + 8. Does 4 divide c?
True
Let w(l) = -l + 8. Let f be w(8). Suppose 5*a - a - 36 = f. Suppose -5*j + 0*g = 3*g - 169, -3*g = -a. Is j a multiple of 16?
True
Suppose 5*c = -w + 2 - 23, 3*c + 19 = w. Suppose i - 2*p + 36 = 2*i, -2*p - 94 = -w*i. Does 11 divide i?
False
Let u be (-4)/(-3)*(3 - 0). Let b(j) = 4*j**3 - 9*j**2 - u*j**3 - 8 - 2*j**3 + 3*j**3 - 8*j. Does 6 divide b(10)?
True
Suppose 60 = 3*l - 12. Is l a multiple of 21?
False
Let x(j) = j**2 + 7*j. Let v be 102/(-14) - 2/(-7). Let f be x(v). Suppose 2*b - 62 = -f*b. Is 10 a factor of b?
False
Let l be ((-9)/6)/((-3)/(-72)). Let w(r) = 2*r**2 + r. Let q be w(3). Let s = q - l. Is s a multiple of 20?
False
Suppose 4*l - 26 = 518. Does 17 divide l?
True
Let z be 3/(-4) - 130/8. Let n = z - -27. Is n a multiple of 4?
False
Let v(m) = -m**3 - 7*m**2 - 7*m - 6. Let r be v(-6). Suppose 0 = t - r*t - 3. Does 14 divide 16 - 3*2/t?
True
Let m = 10 - 19. Does 12 divide m/(-2)*(-70)/(-7)?
False
Suppose -k - 8 + 7 = 0. Is 0*k/(-2) + 7 a multiple of 3?
False
Let g = -9 - -23. Suppose -2*h + 154 = g. Suppose 0 = 4*x + 2*r - 52, -2*x = 3*x + 5*r - h. Is 10 a factor of x?
False
Let z(o) = -o - 3. Let f be z(-4). Suppose 3*t + f - 4 = 0. Is 10 a factor of 9 + (1 - 0)*t?
True
Let i be 4/1*1/2. Suppose h - 12 = -5*w, -i*h + w + 18 = 5*w. Suppose 3*z = 169 - h. Is 19 a factor of z?
False
Let o = -16 + 20. Let q = 11 - o. Is q a multiple of 4?
False
Suppose 6*b + 240 = 11*b. Does 20 divide b?
False
Let w be ((-2)/4)/((-2)/72). Let o(v) = v**3 + 5*v**2 - 2. Let u be o(-5). Let l = w + u. Is l a multiple of 8?
True
Suppose 14 = -4*p - 6. Let d = -5 - p. Suppose 4*v - 100 - 40 = d. Is v a multiple of 15?
False
Is (2/3)/(2/237) a multiple of 22?
False
Let a = -5 - -5. Suppose -55 = -w + 4*g, a*w + 3*g + 224 = 5*w. Does 19 divide w?
False
Is 3 a factor of 2/8 - (-33)/12?
True
Suppose -8*b + 3*s = -4*b - 21, 3*b - 4*s - 21 = 0. Suppose 0 = -4*i + 2*y + 102, -b = 3*y - 4*y. Is i a multiple of 9?
True
Suppose 4*h + 4*a - 56 = 6*a, -h + 4*a = 0. Is h a multiple of 4?
True
Let c(n) = 13 + n**2 + 5*n + 6*n - 1. Is c(-12) a multiple of 7?
False
Let v(a) = 1. Let c(u) = 6*u - 12. Let x(j) = c(j) + 5*v(j). Is 3 a factor of x(4)?
False
Suppose -7*t + 2*t + 2*x + 7 = 0, -4*t + 2*x = -4. Is 3 a factor of t?
True
Let b(j) = -307*j**3 - j**2 - 5*j - 3. Is 28 a factor of b(-1)?
True
Let x be 0 + -1 - 4/(-4). Suppose x = -5*k - 10. Does 3 divide k/4*(-13 - -7)?
True
Suppose 275 = 3*t - 97. Is 24 a factor of t?
False
Suppose -2*n - n = -132. Suppose 6*x = 7*x - n. Does 22 divide x?
True
Suppose 0 = 2*d - d + 5*o - 4, 2*d - 8 = 2*o. Suppose 61*x + 8 = 63*x. Suppose 0 = x*w - 56 - d. Is 15 a factor of w?
True
Let w = -16 + 25. Is w a multiple of 2?
False
Let f be (-28)/3*(-6)/(-4). Let t = 44 + f. Is t a multiple of 11?
False
Let b(s) = -s**2 - s + 9. Let r be b(0). Is (-4)/2 + r + -2 a multiple of 4?
False
Let y = 36 + -56. Let k = 75 + y. Is k a multiple of 13?
False
Is 9 a factor of 46 - ((-60)/(-4))/(-3)?
False
Suppose 5*u - 17 = -4*h, 3*h - 5 = 2*u + 2. Let s(d) = -13*d + d**3 - 4 - h - 5 + d + 9*d**2. Is s(-10) a multiple of 8?
True
Suppose -5*g = -8*g + 207. Suppose 5*s + g = 259. Does 22 divide s?
False
Let b(d) = 2*d**2 + 5*d + 6. Let i be 25/(-4) + (-2)/(-8). Let l = -10 - i. Is 9 a factor of b(l)?
True
Is (-1)/((-4)/112) + 1 a multiple of 10?
False
Let n(f) = -f**3 - 7*f**2 - 12*f + 5. Is n(-4) a multiple of 2?
False
Is 8 a factor of 2 + 34 + (-6 - -2)?
True
Let g = -140 - -328. Suppose 4*j = -3*b + 185, 4*j = -4*b - 0*b + g. Is j + 0/(9/3) a multiple of 17?
False
Suppose -4*g - 5 = -3*g. Suppose -5*h + 32 = -6*h. Let t = g - h. Does 14 divide t?
False
Let g = 147 + -84. Does 21 divide g?
True
Let u(b) = -b**3 + 3*b**2 + 4*b + 5. Let x be u(5). Let v = -13 - x. Does 4 divide v?
True
Is -11*(-1)/1 - 0 a multiple of 11?
True
Let t = -99 - -179. Is t a multiple of 34?
False
Suppose -2*n + 5*n - 6 = 0. Let j(q) = 17*q**2 - q - 1. Is 20 a factor of j(n)?
False
Suppose -7687 = -16*w - 1543. Does 24 divide w?
True
Suppose -1 = -3*u + 11. Let q(h) = 2*h**3 - 4*h**2 + h - 2. Is q(u) a multiple of 33?
True
Let d = -6 - -18. Does 10 divide d?
False
Let v be 2*(-2)/4*0. Suppose -16 = 2*s - 14. Is 15 a factor of 13 + (-2 - v)/s?
True
Let t = -41 - -88. Is 12 a factor of t?
False
Suppose -2*l - 85 = -n + 2, 4*l = 3*n - 269. Does 14 divide n?
False
Let f(r) = 5*r - 22. Does 13 divide f(12)?
False
Let d be (-1)/(-6) - (-716)/24. Does 2 divide 84/d + (-1)/(-5)?
False
Suppose 0 = -8*l + 7*l + 85. Is 11 a factor of l?
False
Let r(m) = m**3 - 6*m**2 + 2*m + 4. Let k be r(5). Let n = 35 - 20. Let i = k + n. Is 4 a factor of i?
True
Suppose -4*h + 114 = -h. Is h a multiple of 19?
True
Let j = 13 - 24. Let y = 15 + j. Suppose -w - y*w = -35. Is w even?
False
Suppose -p + 32 = 5*m, -3*p + 76 = 2*p + 4*m. Is 9/p + 169/4 a multiple of 11?
False
Let v = 6 - 3. Suppose v = h - 5. Is h a multiple of 8?
True
Suppose 3*c = 4*q - 0*q + 11, -c + 13 = q. Is c a multiple of 3?
True
Let j(i) be the first derivative of -i**2/2 - 1. Let g be 2/(-8) + (-15)/4. Is 2 a factor of j(g)?
True
Let f(s) = -46*s + 25 - 25. Let v be 2/(-4) + (-1)/2. Is 13 a factor of f(v)?
False
Let y(j) = -j + 2. Let s = 9 - 6. Let w be y(s). Is 10 a factor of (3 - 6 - w) + 32?
True
Let u = 3 - -4. Does 5 divide